
2, 5, 11, 461
List the prime factors of 5099.
5099
What are the prime factors of 1245?
3, 5, 83
What are the prime factors of 940?
2, 5, 47
What are the prime factors of 4121?
13, 317
List the prime factors of 959.
7, 137
What are the prime factors of 1543?
1543
List the prime factors of 9017.
71, 127
What are the prime factors of 1034?
2, 11, 47
List the prime factors of 61350.
2, 3, 5, 409
What are the prime factors of 1249?
1249
List the prime factors of 30538.
2, 15269
What are the prime factors of 40?
2, 5
List the prime factors of 13595.
5, 2719
List the prime factors of 62534.
2, 31267
List the prime factors of 14409.
3, 1601
List the prime factors of 8930.
2, 5, 19, 47
What are the prime factors of 24818?
2, 12409
What are the prime factors of 10722?
2, 3, 1787
What are the prime factors of 100681?
7, 19, 757
List the prime factors of 44556.
2, 3, 47, 79
List the prime factors of 35611.
149, 239
What are the prime factors of 15522?
2, 3, 13, 199
List the prime factors of 5198.
2, 23, 113
What are the prime factors of 2300?
2, 5, 23
List the prime factors of 17671.
41, 431
What are the prime factors of 131?
131
List the prime factors of 1543.
1543
What are the prime factors of 283?
283
What are the prime factors of 6187?
23, 269
List the prime factors of 8310.
2, 3, 5, 277
List the prime factors of 51399.
3, 5711
What are the prime factors of 11172?
2, 3, 7, 19
List the prime factors of 2326.
2, 1163
List the prime factors of 2542.
2, 31, 41
List the prime factors of 1127.
7, 23
What are the prime factors of 2262?
2, 3, 13, 29
What are the prime factors of 7586?
2, 3793
List the prime factors of 204111.
3, 22679
What are the prime factors of 75584?
2, 1181
List the prime factors of 13779.
3, 1531
List the prime factors of 711.
3, 79
What are the prime factors of 52007?
131, 397
What are the prime factors of 15242?
2, 7621
What are the prime factors of 7048?
2, 881
What are the prime factors of 3874?
2, 13, 149
What are the prime factors of 5351?
5351
List the prime factors of 7712.
2, 241
What are the prime factors of 3844?
2, 31
What are the prime factors of 3244?
2, 811
List the prime factors of 1456.
2, 7, 13
What are the prime factors of 24652?
2, 6163
List the prime factors of 26540.
2, 5, 1327
List the prime factors of 25882.
2, 12941
List the prime factors of 12999.
3, 7, 619
List the prime factors of 11035.
5, 2207
What are the prime factors of 1374?
2, 3, 229
List the prime factors of 72213.
3, 24071
What are the prime factors of 26754?
2, 3, 7, 13
What are the prime factors of 6766?
2, 17, 199
What are the prime factors of 101562?
2, 3, 16927
What are the prime factors of 5658?
2, 3, 23, 41
What are the prime factors of 98313?
3, 32771
What are the prime factors of 28916?
2, 7229
What are the prime factors of 70860?
2, 3, 5, 1181
List the prime factors of 119654.
2, 29, 2063
What are the prime factors of 863?
863
What are the prime factors of 186?
2, 3, 31
What are the prime factors of 6232?
2, 19, 41
What are the prime factors of 13180?
2, 5, 659
List the prime factors of 188.
2, 47
What are the prime factors of 2495?
5, 499
List the prime factors of 1052.
2, 263
What are the prime factors of 3511?
3511
List the prime factors of 2297.
2297
What are the prime factors of 8757?
3, 7, 139
List the prime factors of 14492.
2, 3623
What are the prime factors of 21942?
2, 3, 23, 53
List the prime factors of 3299.
3299
List the prime factors of 8065.
5, 1613
List the prime factors of 161.
7, 23
What are the prime factors of 191?
191
What are the prime factors of 4879?
7, 17, 41
List the prime factors of 2006.
2, 17, 59
What are the prime factors of 70159?
17, 4127
What are the prime factors of 9278?
2, 4639
What are the prime factors of 11199?
3, 3733
What are the prime factors of 72?
2, 3
List the prime factors of 76605.
3, 5, 5107
What are the prime factors of 265?
5, 53
What are the prime factors of 5288?
2, 661
What are the prime factors of 44928?
2, 3, 13
What are the prime factors of 809?
809
What are the prime factors of 6545?
5, 7, 11, 17
What are the prime factors of 16277?
41, 397
List the prime factors of 4657.
4657
List the prime factors of 117468.
2, 3, 13, 251
What are the prime factors of 26121?
3, 8707
What are the prime factors of 2259?
3, 251
What are the prime factors of 24612?
2, 3, 7, 293
List the prime factors of 56755.
5, 11351
What are the prime factors of 1699?
1699
List the prime factors of 3856.
2, 241
List the prime factors of 7483.
7, 1069
What are the prime factors of 655?
5, 131
What are the prime factors of 1368?
2, 3, 19
What are the prime factors of 15002?
2, 13, 577
What are the prime factors of 128191?
7, 18313
What are the prime factors of 8384?
2, 131
List the prime factors of 9119.
11, 829
List the prime factors of 4028.
2, 19, 53
List the prime factors of 1228.
2, 307
List the prime factors of 33261.
3, 11087
What are the prime factors of 110685?
3, 5, 47, 157
What are the prime factors of 1571?
1571
What are the prime factors of 555?
3, 5, 37
What are the prime factors of 106588?
2, 26647
List the prime factors of 15264.
2, 3, 53
What are the prime factors of 4593?
3, 1531
What are the prime factors of 7814?
2, 3907
List the prime factors of 70388.
2, 17597
What are the prime factors of 262?
2, 131
What are the prime factors of 7851?
3, 2617
What are the prime factors of 760?
2, 5, 19
What are the prime factors of 1034?
2, 11, 47
What are the prime factors of 37664?
2, 11, 107
What are the prime factors of 14688?
2, 3, 17
What are the prime factors of 1910?
2, 5, 191
What are the prime factors of 550?
2, 5, 11
List the prime factors of 1151.
1151
List the prime factors of 3941.
7, 563
List the prime factors of 1211.
7, 173
What are the prime factors of 23511?
3, 17, 461
What are the prime factors of 37028?
2, 9257
List the prime factors of 166799.
166799
List the prime factors of 23844.
2, 3, 1987
What are the prime factors of 874?
2, 19, 23
What are the prime factors of 52524?
2, 3, 1459
List the prime factors of 2222.
2, 11, 101
List the prime factors of 46975.
5, 1879
List the prime factors of 41276.
2, 17, 607
What are the prime factors of 12598?
2, 6299
List the prime factors of 338.
2, 13
What are the prime factors of 45669?
3, 13, 1171
What are the prime factors of 28995?
3, 5, 1933
List the prime factors of 168.
2, 3, 7
List the prime factors of 7002.
2, 3, 389
List the prime factors of 1212.
2, 3, 101
List the prime factors of 15843.
3, 5281
What are the prime factors of 27379?
11, 19, 131
What are the prime factors of 8575?
5, 7
List the prime factors of 28811.
47, 613
What are the prime factors of 5398?
2, 2699
List the prime factors of 731.
17, 43
List the prime factors of 21908.
2, 5477
List the prime factors of 5892.
2, 3, 491
List the prime factors of 30959.
83, 373
List the prime factors of 249.
3, 83
What are the prime factors of 3861?
3, 11, 13
What are the prime factors of 4479?
3, 1493
What are the prime factors of 174?
2, 3, 29
List the prime factors of 19419.
3, 6473
List the prime factors of 128.
2
List the prime factors of 3140.
2, 5, 157
List the prime factors of 1892.
2, 11, 43
List the prime factors of 965.
5, 193
List the prime factors of 87544.
2, 31, 353
What are the prime factors of 19838?
2, 7, 13, 109
List the prime factors of 61422.
2, 3, 29, 353
What are the prime factors of 1793?
11, 163
List the prime factors of 3148.
2, 787
List the prime factors of 7022.
2, 3511
List the prime factors of 79060.
2, 5, 59, 67
List the prime factors of 2265.
3, 5, 151
What are the prime factors of 52504?
2, 6563
List the prime factors of 34294.
2, 13, 1319
What are the prime factors of 2177?
7, 311
What are the prime factors of 1182?
2, 3, 197
List the prime factors of 1035.
3, 5, 23
List the prime factors of 2099.
2099
List the prime factors of 1364.
2, 11, 31
What are the prime factors of 4532?
2, 11, 103
List the prime factors of 2282.
2, 7, 163
What are the prime factors of 1033?
1033
List the prime factors of 13071.
3, 4357
What are the prime factors of 3627?
3, 13, 31
What are the prime factors of 95?
5, 19
What are the prime factors of 545?
5, 109
List the prime factors of 22693.
11, 2063
What are the prime factors of 829?
829
List the prime factors of 5849.
5849